is the thousands digit of 62864810?
4
What is the hundred thousands digit of 77389376?
3
What is the hundreds digit of 2045648788?
7
What is the ten millions digit of 1172317489?
7
What is the ten thousands digit of 17212957?
1
What is the ten thousands digit of 1543978023?
7
What is the hundreds digit of 341396625?
6
What is the ten millions digit of 237985382?
3
What is the tens digit of 54884206?
0
What is the units digit of 2092276062?
2
What is the tens digit of 574543438?
3
What is the hundred thousands digit of 483385674?
3
What is the hundred thousands digit of 175117956?
1
What is the ten thousands digit of 24640753?
4
What is the units digit of 88065291?
1
What is the thousands digit of 26230804?
0
What is the ten thousands digit of 146774168?
7
What is the units digit of 66983491?
1
What is the hundreds digit of 53184733?
7
What is the hundreds digit of 2377609675?
6
What is the hundreds digit of 56684964?
9
What is the millions digit of 2414912221?
4
What is the thousands digit of 31408540?
8
What is the hundred thousands digit of 12845782?
8
What is the millions digit of 1643237236?
3
What is the ten thousands digit of 207047855?
4
What is the millions digit of 1184223487?
4
What is the millions digit of 25727790?
5
What is the ten thousands digit of 104259955?
5
What is the thousands digit of 234987156?
7
What is the hundred millions digit of 2382226128?
3
What is the ten millions digit of 89018560?
8
What is the tens digit of 94737430?
3
What is the hundred millions digit of 659239836?
6
What is the millions digit of 439834813?
9
What is the ten millions digit of 38884498?
3
What is the millions digit of 1820714057?
0
What is the tens digit of 18284577?
7
What is the millions digit of 170590461?
0
What is the millions digit of 4721140462?
1
What is the units digit of 423101479?
9
What is the ten millions digit of 655690992?
5
What is the hundreds digit of 137735520?
5
What is the millions digit of 220681726?
0
What is the millions digit of 1185103755?
5
What is the tens digit of 22794790?
9
What is the millions digit of 175631515?
5
What is the units digit of 1680472273?
3
What is the units digit of 887440460?
0
What is the ten thousands digit of 916658552?
5
What is the hundreds digit of 223328984?
9
What is the units digit of 204716672?
2
What is the thousands digit of 62748069?
8
What is the ten millions digit of 208763545?
0
What is the ten millions digit of 86069175?
8
What is the units digit of 51061102?
2
What is the hundred thousands digit of 2699790859?
7
What is the hundred thousands digit of 1258797542?
7
What is the hundreds digit of 36010972?
9
What is the units digit of 2893051745?
5
What is the ten millions digit of 370721375?
7
What is the tens digit of 150416571?
7
What is the ten thousands digit of 262286359?
8
What is the millions digit of 1670859216?
0
What is the millions digit of 31791537?
1
What is the units digit of 124455554?
4
What is the thousands digit of 18038045?
8
What is the thousands digit of 345034344?
4
What is the hundred millions digit of 521252791?
5
What is the tens digit of 5073053005?
0
What is the hundred thousands digit of 2714307168?
3
What is the ten thousands digit of 38369989?
6
What is the ten millions digit of 236585666?
3
What is the hundred thousands digit of 13766680?
7
What is the ten millions digit of 35687172?
3
What is the ten millions digit of 7252917381?
5
What is the hundreds digit of 766936593?
5
What is the hundreds digit of 1304245913?
9
What is the ten thousands digit of 588411650?
1
What is the thousands digit of 4610411384?
1
What is the units digit of 71755386?
6
What is the millions digit of 502804839?
2
What is the hundred millions digit of 363300294?
3
What is the hundreds digit of 472286673?
6
What is the millions digit of 1410729173?
0
What is the tens digit of 11540051?
5
What is the tens digit of 111535638?
3
What is the hundred millions digit of 209656566?
2
What is the units digit of 243579435?
5
What is the ten millions digit of 1169678523?
6
What is the units digit of 3154718918?
8
What is the hundreds digit of 4433704?
7
What is the hundreds digit of 32180220?
2
What is the units digit of 555396707?
7
What is the millions digit of 6931263?
6
What is the tens digit of 8317118848?
4
What is the ten millions digit of 598896481?
9
What is the units digit of 499622578?
8
What is the ten thousands digit of 494054570?
5
What is the thousands digit of 11013903?
3
What is the hundreds digit of 448025118?
1
What is the millions digit of 1121274630?
1
What is the ten thousands digit of 3339614034?
1
What is the hundred thousands digit of 1142129039?
1
What is the ten thousands digit of 209124217?
2
What is the millions digit of 5650607548?
0
What is the millions digit of 5818873?
5
What is the ten millions digit of 5138360723?
3
What is the ten thousands digit of 887212863?
1
What is the hundred thousands digit of 67783712?
7
What is the thousands digit of 60913577?
3
What is the thousands digit of 93251630?
1
What is the hundreds digit of 4437675692?
6
What is the ten millions digit of 1539501527?
3
What is the millions digit of 1764252753?
4
What is the thousands digit of 84373086?
3
What is the ten millions digit of 72776323?
7
What is the hundreds digit of 5841658?
6
What is the units digit of 13983497?
7
What is the units digit of 51987711?
1
What is the hundreds digit of 45983887?
8
What is the hundreds digit of 94232041?
0
What is the billions digit of 3209411653?
3
What is the units digit of 5767491?
1
What is the millions digit of 310135401?
0
What is the units digit of 30791722?
2
What is the ten thousands digit of 84642777?
4
What is the millions digit of 121477772?
1
What is the ten millions digit of 2208324702?
0
What is the hundreds digit of 70656345?
3
What is the hundred thousands digit of 8512210703?
2
What is the tens digit of 388604464?
6
What is the units digit of 6585854226?
6
What is the ten thousands digit of 246558890?
5
What is the thousands digit of 31582710?
2
What is the ten millions digit of 69711321?
6
What is the hundred thousands digit of 504477191?
4
What is the billions digit of 1081801262?
1
What is the millions digit of 13689973?
3
What is the ten thousands digit of 29521080?
2
What is the tens digit of 871716121?
2
What is the thousands digit of 195595658?
5
What is the billions digit of 1191435816?
1
What is the thousands digit of 288818240?
8
What is the units digit of 23152425?
5
What is the thousands digit of 13707832?
7
What is the hundred millions digit of 612087842?
6
What is the tens digit of 22689948?
4
What is the millions digit of 132190445?
2
What is the tens digit of 34313532?
3
What is the units digit of 144300405?
5
What is the hundred millions digit of 1536161229?
5
What is the billions digit of 4116067933?
4
What is the hundred millions digit of 237802362?
2
What is the ten millions digit of 2442116762?
4
What is the tens digit of 526639985?
8
What is the hundred millions digit of 234277807?
2
What is the hundreds digit of 1230708159?
1
What is the units digit of 105214847?
7
What is the hundreds digit of 4766118021?
0
What is the ten millions digit of 76132105?
7
What is the thousands digit of 408506355?
6
What is the thousands digit of 277856196?
6
What is the hundreds digit of 49137008?
0
What is the units digit of 93814454?
4
What is the ten thousands digit of 180923948?
2
What is the units digit of 3734671?
1
What is the hundred millions digit of 894766188?
8
What is the tens digit of 2460825089?
8
What is the hundred thousands digit of 222567391?
5
What is the hundred thousands digit of 89902877?
9
What is the tens digit of 271381380?
8
What is the units digit of 1316152980?
0
What is the millions digit of 324347320?
4
What is the hundred thousands digit of 1776632694?
6
What is the ten thousands digit of 19873330?
7
What is the thousands digit of 397682244?
2
What is the ten thousands digit of 1868423032?
2
What is the hundred thousands digit of 96928443?
9
What is the hundred thousands digit of 35657036?
6
What is the ten thousands digit of 36459192?
5
What is the hundreds digit of 1084950199?
1
What is the ten millions digit of 40440687?
4
What is the hundred millions digit of 102234252?
1
What i